{"id":77,"date":"2021-10-04T18:53:11","date_gmt":"2021-10-04T18:53:11","guid":{"rendered":"https:\/\/susemichel.de\/?page_id=77"},"modified":"2026-04-13T14:07:22","modified_gmt":"2026-04-13T14:07:22","slug":"interviews","status":"publish","type":"page","link":"https:\/\/susemichel.de\/?page_id=77","title":{"rendered":"Interviews"},"content":{"rendered":"<p><strong><a href=\"https:\/\/anschlaege.at\/die-groesste-gefahr-ist-das-schweigen\/\">\u201eDie gr\u00f6\u00dfte Gefahr ist das Schweigen\u201c<\/a><br \/>\n<\/strong>Wer rechtsextreme Politik und Gewalt verhindern will, muss Frauenhass bek\u00e4mpfen. Die US-Soziologin Cynthia Miller-Idriss \u00fcber Misogynie als Gefahr f\u00fcr Demokratie und Sicherheit. Interview: BRIGITTE THEISSL und LEA SUSEMICHEL<br \/>\nIn: <a href=\"https:\/\/anschlaege.at\/inhalt\/2026-01\/\">an.schl\u00e4ge I\/2026<\/a><\/p>\n<p><strong>\u201eDie Energiewende ist unaufhaltbar\u201c<\/strong><br \/>\nKlimapolitik: Klimajournalistin Katharina Kropshofer ist optimistisch, dass die gr\u00fcne Revolution gelingt.<br \/>\nIn: an.schl\u00e4ge VI\/2025<\/p>\n<p><strong>\u201eDie erste Verteidigungslinie ist die Kindergartenp\u00e4dagogin\u201c<\/strong><br \/>\nWie l\u00e4sst sich neuen Kriegstechnologien und hybrider Kriegsf\u00fchrung wirksam entgegensetzen? Interview mit Andrea Heinz<br \/>\nIn: <a href=\"https:\/\/anschlaege.at\/an-sage-offener-faschismus\/\">an.schl\u00e4ge VI\/2025<\/a><\/p>\n<p><strong><a href=\"https:\/\/anschlaege.at\/die-meisten-frauenfiguren-sind-ziemlich-beschissen\/\">Die meisten Frauenfiguren sind ziemlich beschissen<\/a><\/strong><br \/>\nDie Schauspielerin Mavie H\u00f6rbiger \u00fcber Elfriede Jelineks St\u00fcck \u201eBurgtheater\u201c, das sich mit der Geschichte ihrer Familie auseinandersetzt, ihren neuen feministischen Film und eigenartige Rollenangebote. Interview: Yola Pelliccia und Lea Susemichel<br \/>\nIn: <a href=\"https:\/\/anschlaege.at\/inhalt\/2025-04\/\">an.schl\u00e4ge IV\/2025<\/a><\/p>\n<p><strong>\u201eDa hatten wir zu parieren\u201c<\/strong><br \/>\nJohanna Haarer schrieb das Standardwerk der NS-P\u00e4dagogik. Ihre j\u00fcngste Tochter GERTRUD WESER spricht im Interview \u00fcber transgenerationelles Trauma und m\u00fctterliche Macht.<br \/>\nIn: <a href=\"https:\/\/anschlaege.at\/inhalt\/2025-03\/\">an.schl\u00e4ge III\/2025<\/a><\/p>\n<p><strong>Eine metallic lackierte Ritterr\u00fcstung<\/strong><br \/>\nInterview: M\u00e4nnlichkeitsforscher und Autor BORIS VON HEESEN erkl\u00e4rt, was \u201ePetromaskulinit\u00e4t\u201c ist und wieso uns das Patriarchat an die Wand f\u00e4hrt.<br \/>\nIn: <a href=\"https:\/\/anschlaege.at\/inhalt\/2025-03\/\">an.schl\u00e4ge III\/2025<\/a><\/p>\n<p><a href=\"https:\/\/anschlaege.at\/demokratische-digitalisierung\/\"><strong>Demokratische Digitalisierung<\/strong><\/a><br \/>\nOb es um den Energiehunger, die Enteignung von geistigem Eigentum oder andere ethische Fragen geht \u2013 bei der Nutzung von KI gibt es viele Probleme. Lea Susemichel hat die Expertin Barbara Wimmer gefragt, wie wir es besser machen k\u00f6nnen.<br \/>\nIn: <a href=\"https:\/\/anschlaege.at\/inhalt\/2025-02\/\">an.schl\u00e4ge II\/2025<\/a><\/p>\n<p><strong><a href=\"https:\/\/anschlaege.at\/den-blick-zurueckwerfen\/\">Den Blick zur\u00fcckwerfen<\/a><\/strong><br \/>\nDie Schriftstellerin Mareike Fallwickl hat f\u00fcr die Schauspielerin Stefanie Reinsperger ein St\u00fcck \u00fcber Sisi geschrieben. Lea Susemichel hat die beiden bei Probenstart zum Interview am Burgtheater getroffen, wo \u201eElisabeth!\u201c unter der Regie von Fritzi Wartenberg im April uraufgef\u00fchrt wird.<br \/>\nIn: <a href=\"https:\/\/anschlaege.at\/inhalt\/2025-02\/\">an.schl\u00e4ge II\/2025<\/a><\/p>\n<p><strong>\u201dMacht euch keine Illusionen, sondern gebt euch M\u00fche!\u201c<\/strong><br \/>\n\u201eDas B\u00f6se hat schrecklich viele Gesichter, nicht immer sind das Fratzen\u201c, sagt die feministische Theologin Stefanie Sch\u00e4fer-Bossert im Gespr\u00e4ch mit Lea Susemichel.<br \/>\nIn: <a href=\"https:\/\/anschlaege.at\/inhalt\/2025-02\/\">an.schl\u00e4ge II\/2025<\/a><\/p>\n<p><strong><a href=\"https:\/\/anschlaege.at\/rache-hat-einen-sehr-lustvollen-aspekt\/\">Rache hat einen sehr lustvollen Aspekt<\/a><\/strong><br \/>\nDer Faschismus steht vor der T\u00fcr, f\u00fcr den Stra\u00dfenkampf sind Feminist:innen aber schlecht ger\u00fcstet. Filmemacherin Katharina M\u00fcckstein und an.schl\u00e4ge-Redakteurin Lea Susemichel im Gespr\u00e4ch \u00fcber Selbstverteidigung und Rachegel\u00fcste.<br \/>\nIn: <a href=\"https:\/\/anschlaege.at\/inhalt\/2025-01\/\">an.schl\u00e4ge I\/2025<\/a><\/p>\n<p><strong><a href=\"https:\/\/anschlaege.at\/der-fortschritt-ist-nicht-immer-linear\/\">Der Fortschritt ist nicht immer linear<\/a><\/strong><br \/>\nDie US-amerikanische Anthropologin Kristen R. Ghodsee hat ein neues Buch \u00fcber Utopien gegen das Patriarchat geschrieben. Lea Susemichel hat sie erz\u00e4hlt, warum sie auch angesichts des globalen Rechtsrucks ihre Zuversicht nicht verliert.<br \/>\nIn: <a href=\"https:\/\/anschlaege.at\/inhalt\/2025-01\/\">an.schl\u00e4ge I\/2025<\/a><\/p>\n<p><strong><a href=\"https:\/\/anschlaege.at\/die-schwesternluecke\/\">Die Schwesternl\u00fccke<\/a><\/strong><br \/>\nWarum wurde zur Beziehung zwischen Schwestern bisher so wenig geforscht? Und was braucht es, damit feministische Schwesterlichkeit gelingt? Dar\u00fcber hat Lea Susemichel mit der Psychoanalytikerin Anita Dietrich Neunkirchner gesprochen.<br \/>\nIn: an.schl\u00e4ge VIII\/2024<\/p>\n<p><strong><a href=\"https:\/\/anschlaege.at\/die-menschen-mitreissen\/\">Die Menschen mitrei\u00dfen<\/a><\/strong><br \/>\nDie Reserve-Astronautin Carmen Possnig w\u00fcrde sofort zum Mars fliegen und hat zur Vorbereitung schon ein Jahr in der Antarktis gelebt. Mit Lea Susemichel hat sie \u00fcber vier Monate Dunkelheit, das Altern im All und die gewaltige Inspirationskraft des Weltraums gesprochen.<br \/>\nIn: an.schl\u00e4ge VI\/2024<\/p>\n<p><a href=\"https:\/\/susemichel.de\/?page_id=513&amp;preview=true\"><strong>Sich in Ged\u00e4chtnisinstitutionen einschreiben<\/strong><\/a><br \/>\nInterview: Wie Erinnerungsarbeit im Museum gelingen kann.<br \/>\nIn: an.schl\u00e4ge IV\/2024<\/p>\n<p><a href=\"https:\/\/susemichel.de\/?page_id=516\"><strong>Opfer zweiter Klasse<\/strong><\/a><br \/>\nPolitikwissenschafterin Mirjam Karoly im Interview: Warum wurden Rom*nja und Sinti*zze als Opfer des Holocaust so lange vergessen?<br \/>\nIn: an.schl\u00e4ge IV\/2024<\/p>\n<p><a href=\"https:\/\/anschlaege.at\/diese-wachsende-wurschtigkeit-empfinde-ich-als-totale-erloesung\/\"><strong>Diese wachsende Wurschtigkeit empfinde ich als totale Erl\u00f6sung<\/strong><\/a><br \/>\nDie Autorin STEFANIE SARGNAGEL wurde schon mit 29 als \u201enicht fernsehtauglich\u201c bezeichnet. Sie freut sich \u00fcber den \u201eAttraktivit\u00e4tskommunismus\u201c, den das Alter mit sich bringt.<br \/>\nIn: an.schl\u00e4ge III\/2024<\/p>\n<p><strong><a href=\"https:\/\/anschlaege.at\/archiv-der-einsamkeit\/\">Archiv der Einsamkeit<\/a><br \/>\n<\/strong>NATALIE ASSMANN inszeniert mit \u201eLonely For You!\u201c eine \u201eSuper Show!\u201c \u00fcber Einsamkeit, in der alle gemeinsam einsam sein d\u00fcrfen.<br \/>\nIn: an.schl\u00e4ge II\/ 2024<\/p>\n<p><strong><a href=\"https:\/\/susemichel.de\/?page_id=504\">Sich anderen Menschen aussetzen<\/a><a href=\"https:\/\/susemichel.de\/wp-content\/uploads\/2023\/11\/20231025_Belvedere_KM-3-Digital-verschoben-1.pdf\"><br \/>\n<\/a><\/strong>Interview: Die Soziologin Claudia Neu forscht zu Einsamkeit &amp; Ressentiment.<br \/>\nIn: an.schl\u00e4ge II\/ 2024<\/p>\n<p><strong>Um dich herum ist nur die Wand<\/strong><br \/>\nDie iranische Regisseurin Mahnaz Mohammadi war in Isolationshaft.<br \/>\nProtokoll: LEA SUSEMICHEL<\/p>\n<p><a href=\"https:\/\/susemichel.de\/wp-content\/uploads\/2023\/11\/20231025_Belvedere_KM-3-Digital-verschoben-1.pdf\"><strong>F\u00fcr mich ist\u00a0das Jetzt\u00a0entscheidend<\/strong><\/a><br \/>\nRenate Bertlmann im Gespr\u00e4ch mit Lea Susemichel<br \/>\nIn: Belvedere Magazin Nr. 3\/2023<\/p>\n<p><strong>Ich tue nicht das Richtige<br \/>\n<\/strong>Langeweile ist Stress, sagt die Soziologin Silke Ohlmeier im Interview.<br \/>\nIn: an.schl\u00e4ge VIII\/ 2023<\/p>\n<p><a href=\"https:\/\/anschlaege.at\/alarmismus-ist-angebracht\/\"><strong>\u201eAlarmismus ist angebracht\u201c<\/strong><\/a><br \/>\nDie Zeit, die Folgen der Klimakrise zu bremsen, wird immer knapper, politisch gibt es aktuell mehr R\u00fcckschl\u00e4ge als Erfolge. Wie kann eine Klimabewegung die Wende schaffen? Lea Susemichel und Brigitte Thei\u00dfl haben bei Aktivistin Lena Schilling nachgefragt.<br \/>\nIn: an.schl\u00e4ge VI\/ 2023<\/p>\n<p><strong>Wertvolle und einmalige Materialien<\/strong><br \/>\nInterview: Das Digitale Deutsche Frauenarchiv speichert feministische Geschichte.<br \/>\nIn: an.schl\u00e4ge VI\/ 2023<\/p>\n<p><a href=\"https:\/\/susemichel.de\/?page_id=706\"><strong>\u201eDa m\u00fcssen Sie jetzt durch\u201c<\/strong><\/a><br \/>\nInterview mit Miriam Yung-Min Stein: Mehr Aufmerksamkeit f\u00fcr die Menopause!<br \/>\nIn: an.schl\u00e4ge III\/ 2023<\/p>\n<p><strong>\u201eDann mach isch dat jetzt\u201c<\/strong><br \/>\nInterview: Iris Sayram hat mit \u201eF\u00fcr euch\u201c eine innige Liebeserkl\u00e4rung an ihre Mutter geschrieben.<br \/>\nIn: an.schl\u00e4ge I\/ 2023<\/p>\n<p><strong>Bei Gewalt gibt es keine Neutralit\u00e4t<\/strong><br \/>\nGewalt hat viele Gesichter, wei\u00df Bettina Zehetner von der Frauen*beratung. Auch psychische Gewalt muss endlich ernstgenommen werden. In: an.schl\u00e4ge VIII\/ 2022\/ November 2022.<\/p>\n<p><strong><a href=\"https:\/\/anschlaege.at\/ist-dir-eigentlich-klar-dass-alle-bescheid-wissen\/\">\u201eIst dir eigentlich klar, dass alle Bescheid wissen?\u201c<\/a><\/strong><br \/>\nDie Filmregisseurin Katharina M\u00fcckstein hat eine Debatte zu #MeToo in der \u00f6sterreichischen Filmbranche losgetreten. Konsequenzen f\u00fcr die T\u00e4ter gab es bisher nicht. Interview: Lea Susemichel. In: an.schl\u00e4ge VI\/ 2022\/ September 2022.<\/p>\n<p><strong><a href=\"https:\/\/anschlaege.at\/kinder-sind-der-politik-einfach-scheissegal\/\">\u201eKinder sind der Politik einfach schei\u00dfegal\u201c<\/a><\/strong><br \/>\nManuEla Ritz und Simbi Schwarz sind Mutter und Tochter. Gemeinsam haben sie ein Buch gegen die Diskriminierung von Kindern durch Erwachsene geschrieben. Lea Susemichel hat mit den beiden \u00fcber Adultismus und Kindheit als Konstrukt gesprochen. In: an.schl\u00e4ge II\/ 2022\/ M\u00e4rz 2022.<\/p>\n<p><strong><a href=\"https:\/\/anschlaege.at\/so-eng-wie-nur-moeglich\/\">So eng wie nur m\u00f6glich<\/a><\/strong><br \/>\nRhonda D\u2019Vine vom Verein Venib \u00fcber die \u201eGenderklage\u201c, die sich gegen die Ungleichbehandlung beim Geschlechtseintrag richtet. In: an.schl\u00e4ge I\/ 2022\/ Feberuar 2022.<br \/>\n<strong><br \/>\n<a href=\"https:\/\/anschlaege.at\/jede-einzelne-erhobene-stimme\/\">Jede einzelne erhobene Stimme<\/a><em><br \/>\n<\/em><\/strong>Frauen haben unter den Taliban auf einen Schlag erneut all ihre \u00f6konomischen, sozialen und politischen Rechte verloren, berichtet Medienaktivistin Mobina Saei aus Afghanistan. Lea Susemichel hat mit ihr \u00fcber das Terrorregime und die Verantwortung der internationalen Gemeinschaft gesprochen. In: <em>an.schl\u00e4ge<\/em>\u00a0VII\/ 2021, September 2021.<\/p>\n<p><strong><strong>\u201eJede Art von Beziehung war verboten\u201c<\/strong><\/strong><br \/>\nInterview: Gewalt und Autoritarismus in der Muehl-Kommune<br \/>\nIn: <em>an.schl\u00e4ge<\/em>\u00a0V\/ 2021, Mai 2021.<\/p>\n<p><strong><a href=\"https:\/\/anschlaege.at\/die-freiheit-zu-konsumieren\/\">Die Freiheit, zu konsumieren<\/a><\/strong><br \/>\nBeate Hausbichler \u00fcber den Bodypositivity-Betrug, Feminismus als emotionalisiertes Streitthema und warum Soziale Medien ein feministischer Albtraum sind. In: an.schl\u00e4ge III\/ 2021, M\u00e4rz 2021<\/p>\n<p><a href=\"https:\/\/anschlaege.at\/wie-lustig-ist-das-denn-bitte\/\"><strong>Wie lustig ist das denn, bitte?<\/strong><\/a><br \/>\nDie Satirikerin und \u201eTitanic\u201c-Redakteurin Ella Carina Werner \u00fcber feministische Spitzenwitze, das Humor-Matriarchat und den Segen ironischer Distanz. In: <em>an.schl\u00e4ge<\/em> VIII\/ 2020, November 2020. In: <em>an.schl\u00e4ge<\/em> I\/ 2021, M\u00e4rz 2021.<\/p>\n<p><a href=\"https:\/\/anschlaege.at\/schule-muss-voellig-neu-gedacht-werden\/\"><strong>\u201eSchule muss v\u00f6llig neu gedacht werden\u201c<\/strong><\/a><br \/>\nSchuldirektorin und Kinderbuchautorin Saskia Hula pl\u00e4diert f\u00fcr Lernr\u00e4ume, die sich nicht an Lehrzielen, sondern an den Lernvoraussetzungen der einzelnen Kinder orientieren \u2013 ohne dauernde Beurteilung.\u00a0 In: <em>an.schl\u00e4ge<\/em> VIII\/ 2020, November 2020.<\/p>\n<p><a href=\"https:\/\/anschlaege.at\/eine-neue-erzaehlung-aushandeln\/\"><strong>\u201eEine neue Erz\u00e4hlung aushandeln\u201c<\/strong><\/a><br \/>\nOstdeutsche werden migrantisiert, sagt Naika Foroutan. Warum die deutsche Willkommenskultur so kurzlebig war und wieso die Sozialwissenschaftlerin auch in der postmigrantischen Gesellschaft am Begriff Integration. In: <em>an.schl\u00e4ge<\/em>VIII\/ 2020, November 2020.<\/p>\n<p><a href=\"https:\/\/anschlaege.at\/kehrtwende-fuer-die-agrarpolitik\/\"><strong>Kehrtwende f\u00fcr die Agrarpolitik<\/strong><\/a><br \/>\n\u201eWe feed the world\u201c, so lautet der Mythos der Agrarindustrie. Wie durch dieses Argument eine zukunftsf\u00e4hige Landwirtschaft verhindert wird, erkl\u00e4rt Julianna Fehlinger von Via Campesina.<\/p>\n<p><a href=\"https:\/\/anschlaege.at\/die-kunst-mit-krisen-zurechtzukommen\/\"><strong>Die Kunst, mit Krisen zurechtzukommen<\/strong><\/a><br \/>\nBirgt die Krise Chancen f\u00fcr eine\u00a0sozial\u00f6kologische Wende?\u00a0Die Soziologin\u00a0Stefanie Graefe\u00a0sieht wenige Anzeichen,\u00a0dass die Pandemie\u00a0zu\u00a0einem\u00a0politischen\u00a0Wandel f\u00fchren wird. Interview:\u00a0Lea Susemichel\u00a0 an.schl\u00e4ge:\u00a0Sie sprechen von Krisenkapitalismus, was ist damit gemeint?<\/p>\n<p><a href=\"https:\/\/anschlaege.at\/gruenes-wachstum-gibt-es-nicht\/\"><strong>Gr\u00fcnes Wachstum gibt es nicht<\/strong><\/a><br \/>\nDie Corona-Krise muss\u00a0f\u00fcr einen\u00a0Green New Deal\u00a0genutzt werden,\u00a0fordert\u00a0die Politikwissenschaftlerin\u00a0Melanie Pichler.<\/p>\n<p style=\"font-weight: 400;\"><strong><a href=\"https:\/\/missy-magazine.de\/blog\/2020\/02\/14\/alles-echt-frei-erfunden\/\">Alles echt frei erfunden<\/a><\/strong><\/p>\n<p>Das St\u00fcck \u201eSchuld &amp; So\u0308hne\u201c erz\u00e4hlt von Verteilungsk\u00e4mpfen in einer hei\u00dfer werdenden Welt. In: Missy Magazine I\/2020<\/p>\n<p><a href=\"https:\/\/anschlaege.at\/abschied-vom-klassenkampf\/\"><strong>Abschied vom Klassenkampf<\/strong><\/a><br \/>\nAlexandra Weiss: Sozialdemokratische Parteien waren einst Motor des sozial- und frauenpolitischen Fortschritts \u2013 heute stehen sie quer durch Europa davor, in der Bedeutungslosigkeit zu verschwinden.<\/p>\n<p><a href=\"https:\/\/anschlaege.at\/der-klassenkampf-von-oben-ist-kein-kampf\/\"><strong>\u201eDer Klassenkampf von oben ist kein Kampf\u201c<\/strong><\/a><br \/>\nNach der Finanzkrise war die neoliberale Umverteilung von unten nach oben stark in der Kritik. Warum der \u201eautorit\u00e4re Kapitalismus\u201c trotzdem weiterbesteht, erkl\u00e4rt\u00a0SILKE VAN DYK<br \/>\nIn: <em>an.schl\u00e4ge<\/em> IV\/ 2019, Mai 2019.<\/p>\n<p><a href=\"https:\/\/missy-magazine.de\/blog\/2019\/06\/18\/nicht-nach-unten-treten\/\"><strong>\u201eNicht nach unten treten.&#8220;<\/strong><\/a><br \/>\nDer queere Wiener Politically Correct Comedy Club \u2013 kurz PCCC* \u2013 beweist: Politische Korrektheit ist lustig. Die Gr\u00fcnder*innen im Gespr\u00e4ch\u201c<br \/>\nIn: Missy Magazine 03\/19.<\/p>\n<p><strong>\u201eSportgeschichte ist Geschlechtergeschichte\u201c<\/strong><br \/>\nInterview: Diskriminierung im Sport auf allen Ebenen.<br \/>\nIn: <em>an.schl\u00e4ge<\/em> II\/ 2019, M\u00e4rz 2019.<\/p>\n<p><strong>\u201eDie Rechten sind nicht bl\u00f6d\u201c<\/strong><br \/>\nInterview: RUTH BECKERMANN und SANDRA STERN \u00fcber linken Protest. [gemeinsam mit Brigitte Thei\u00dfl]<br \/>\nIn: <em>an.schl\u00e4ge<\/em> VIII\/ 2018, November 2018.<\/p>\n<p><strong>Schlachtfeld Sexualp\u00e4dagogik<\/strong><br \/>\nInterview: GABRIELE ROTHUBER \u00fcber die Politisierung von Sexualp\u00e4dagogik. [gemeinsam mit Brigitte Thei\u00dfl]<br \/>\nIn: <em>an.schl\u00e4ge<\/em> V\/ 2018, Juli 2018.<\/p>\n<p><a href=\"http:\/\/www.anschlaege.at\/feminismus\/2018\/02\/vergitterte-fenster-verriegelte-tueren\/\"><strong>Vergitterte Fenster, verriegelte T\u00fcren<\/strong><\/a><br \/>\nInterview: HEIDE GERSTENBERGER \u00fcber rohe Gewalt im Kapitalismus.<br \/>\nIn: <em>an.schl\u00e4ge<\/em> I\/ 2018, Februar 2018.<\/p>\n<p><a href=\"http:\/\/www.anschlaege.at\/feminismus\/2017\/11\/unsere-grammatik-bevorzugt-maenner\/\"><strong>\u201eUnsere Grammatik bevorzugt M\u00e4nner\u201c<\/strong><\/a><br \/>\nInterview: LUISE F. PUSCH \u00fcber Sexismus in der Sprache. [gemeinsam mit Leonie Kapfer]<br \/>\nIn: <em>an.schl\u00e4ge<\/em> VII\/ 2017, Oktober 2017.<\/p>\n<p><a href=\"http:\/\/www.anschlaege.at\/feminismus\/2017\/10\/so-habe-ich-nie-getickt\/\"><strong>\u201eSo habe ich nie getickt\u201c<\/strong><\/a><br \/>\nInterview: CLAUDIA ROTH \u00fcber die Kraft der kleinen Schritte.<br \/>\nIn: <em>an.schl\u00e4ge<\/em> VII\/ 2017, Oktober 2017.<\/p>\n<p><a href=\"http:\/\/www.anschlaege.at\/feminismus\/2017\/08\/die-welt-mit-anderen-teilen\/\"><strong>Die Welt mit anderen teilen<\/strong><\/a><br \/>\nInterview: CHRISTINA TH\u00dcRMER-ROHR \u00fcber Mitt\u00e4terinnen.<br \/>\nIn: <em>an.schl\u00e4ge<\/em> VI\/ 2017, August 2017.<\/p>\n<p><a href=\"http:\/\/www.anschlaege.at\/feminismus\/2017\/08\/das-leiden-an-geschlechternormen\/\"><strong>Das Leiden an Geschlechternormen<\/strong><\/a><br \/>\nInterview: BETTINA ZEHETNER \u00fcber feministische Psychotherapie.<br \/>\nIn: <em>an.schl\u00e4ge<\/em> VI\/ 2017, August 2017.<\/p>\n<p><a href=\"http:\/\/www.anschlaege.at\/feminismus\/2017\/06\/siri-die-jungs-von-silicon-valley\/\"><strong>Siri &amp; die Jungs von Silicon-Valley<\/strong><\/a><br \/>\nInterview: JUDY WAJCMAN \u00fcber Technofeminismus und Roboterrevolution.<br \/>\nIn: <em>an.schl\u00e4ge<\/em> VI\/ 2017, Juni 2017.<\/p>\n<p><a href=\"http:\/\/www.anschlaege.at\/feminismus\/2016\/11\/empowernde-dna\/\"><strong>Empowernde DNA<\/strong><\/a><br \/>\nInterview: ALONDRA NELSON \u00fcber Genetik und den Kampf gegen medizinische Apartheid.<br \/>\nIn: <em>an.schl\u00e4ge<\/em> VIII\/ 2016, November 2016.<\/p>\n<p><a href=\"http:\/\/www.anschlaege.at\/feminismus\/2016\/09\/prostori-migracije-orte-der-migration\/\"><strong>Prostori migracije: Orte der Migration<\/strong><\/a><br \/>\nInterview: NATA\u0160A MACKULJAK und IVANA MARJANOVI\u0106 \u00fcber Solidarit\u00e4t.<br \/>\nIn: <em>an.schl\u00e4ge<\/em> VI\/ 2016, September 2016.<\/p>\n<p><a href=\"http:\/\/www.anschlaege.at\/feminismus\/2016\/06\/im-patriarchalen-wuergegriff\/\"><strong>Im patriarchalen W\u00fcrgegriff<\/strong><\/a><br \/>\nInterview: ARIEL SALLEH \u00fcber die Aktualit\u00e4t des \u00d6kofeminismus. [gemeinsam mit Brigitte Thei\u00dfl]<br \/>\nIn: <em>an.schl\u00e4ge<\/em> VI\/ 2016, September 2016..<\/p>\n<p><a href=\"http:\/\/www.anschlaege.at\/feminismus\/2016\/06\/verwuestend-und-verheerend\/\"><strong>Verw\u00fcstend und Verheerend<\/strong><\/a><br \/>\nInterview: SASKIA SASSEN und ALIX FA\u00dfMANN machen dem Kapitalismus den Prozess.<br \/>\nIn: <em>an.schl\u00e4ge<\/em> V\/ 2016, Juni 2016..<\/p>\n<p><a href=\"http:\/\/www.anschlaege.at\/feminismus\/2016\/05\/die-erste-liebe\/\"><strong>Die erste Liebe<\/strong><\/a><br \/>\nInterview: CLAUDIA HAARMANN \u00fcber Bindung und Trauma.<br \/>\nIn: <em>an.schl\u00e4ge<\/em> IV\/ 2016, Mai 2016..<\/p>\n<p><a href=\"http:\/\/www.anschlaege.at\/feminismus\/2016\/04\/wachstumsgrenze\/\"><strong>Wachstumsgrenze<\/strong><\/a><br \/>\nInterview: GABRIELE MICHALITSCH will Wohlstand neu definieren.<br \/>\nIn: <em>an.schl\u00e4ge<\/em> III\/ 2016, M\u00e4rz 2016..<\/p>\n<p><a href=\"http:\/\/www.anschlaege.at\/feminismus\/2015\/06\/der-backlash-ist-deutlich-zu-spueren\/\"><strong>\u201eDer Backlash ist deutlich zu sp\u00fcren\u201c<\/strong><\/a><br \/>\nInterview: Frauenministerin GABRIELE HEINISCH-HOSEK. [gemeinsam mit Denise Beer]<br \/>\nIn: <em>an.schl\u00e4ge<\/em> V\/ 2015, Juni 2016..<\/p>\n<p><a href=\"http:\/\/www.anschlaege.at\/feminismus\/2015\/05\/stabilisierende-systeme\/\"><strong>Stabilisierende Systeme<\/strong><\/a><br \/>\nInterview: \u00d6VP-Frauen-Vorsitzende DOROTHEA SCHITTENHELM \u00fcber konservative Frauenpolitik. [gemeinsam mit Brigitte Thei\u00dfl]<br \/>\nIn: <em>an.schl\u00e4ge<\/em> IV\/ 2015, Mai 2015.<\/p>\n<p><a href=\"http:\/\/www.anschlaege.at\/feminismus\/2015\/04\/extrem-tabuisiertes-thema\/\"><strong>\u201eExtrem tabuisiertes Thema\u201c<\/strong><\/a><br \/>\nInterview: Gr\u00fcnen-Chefin EVA GLAWISCHNIG \u00fcber hei\u00dfe Eisen wie Fristenl\u00f6sung und Verm\u00f6genssteuern. . [gemeinsam mit Brigitte Thei\u00dfl]<br \/>\nIn: <em>an.schl\u00e4ge<\/em> III\/ 2015, April 2015.<\/p>\n<p><a href=\"http:\/\/www.anschlaege.at\/feminismus\/2015\/02\/prinzip-selbstverwirklichung\/\"><strong>Prinzip Selbstverwirklichung<\/strong><\/a><br \/>\nInterview: Neos-Nationalratsabgeordnete BEATE MEINL-REISINGER \u00fcber Quoten und Eigenverantwortung. . [gemeinsam mit Brigitte Thei\u00dfl]<br \/>\nIn: <em>an.schl\u00e4ge<\/em> II\/ 2015, Februar 2015.<\/p>\n<p><strong>\u201eEin paar nackte M\u00e4nner mehr\u201c<br \/>\n<\/strong>Interview: Als das \u201eGewissen der Kunstwelt\u201c bezeichnen sich die <strong>Guerrilla Girls<\/strong>. <strong>Lea Susemichel <\/strong>sprach mit den beiden Gr\u00fcndungsmitgliedern <strong>Frida Kahlo <\/strong>und <strong>K\u00e4the Kollwitz<\/strong>.<br \/>\nIn: <em>an.schl\u00e4ge<\/em> II\/2015, Februar 2015<\/p>\n<p><a href=\"http:\/\/www.anschlaege.at\/feminismus\/2014\/10\/hurra-wir-leben-noch\/\"><strong>\u201eHurra, wir leben noch!\u201c<\/strong><\/a><br \/>\nInterview: Soziologin EVA EICHINGER \u00fcber Ungleichheiten im Suizid-Diskurs.<br \/>\nIn: <em>an.schl\u00e4ge<\/em> X\/ 2014, November 2014.<\/p>\n<p><a href=\"http:\/\/www.anschlaege.at\/feminismus\/2014\/10\/maennliche-abstiegsangst\/\"><strong>M\u00e4nnliche Abstiegsangst<\/strong><\/a><br \/>\nInterview: ANDREAS KEMPER zum Zusammenhang zwischen M\u00e4nnlichkeit und Klasse.<br \/>\nIn: <em>an.schl\u00e4ge<\/em> IX\/ 2014, Oktober 2014.<\/p>\n","protected":false},"excerpt":{"rendered":"<p>\u201eDie gr\u00f6\u00dfte Gefahr ist das Schweigen\u201c Wer rechtsextreme Politik und Gewalt verhindern will, muss Frauenhass bek\u00e4mpfen. Die US-Soziologin Cynthia Miller-Idriss \u00fcber Misogynie als Gefahr f\u00fcr Demokratie und Sicherheit. Interview: BRIGITTE THEISSL und LEA SUSEMICHEL In: an.schl\u00e4ge I\/2026 \u201eDie Energiewende ist unaufhaltbar\u201c Klimapolitik: Klimajournalistin Katharina Kropshofer ist optimistisch, dass die gr\u00fcne Revolution gelingt. In: an.schl\u00e4ge VI\/2025 &hellip; <\/p>\n<p class=\"link-more\"><a href=\"https:\/\/susemichel.de\/?page_id=77\" class=\"more-link\"><span class=\"screen-reader-text\">\u201eInterviews\u201c <\/span>weiterlesen<\/a><\/p>\n","protected":false},"author":1,"featured_media":0,"parent":0,"menu_order":0,"comment_status":"closed","ping_status":"closed","template":"","meta":{"footnotes":""},"class_list":["post-77","page","type-page","status-publish","hentry"],"_links":{"self":[{"href":"https:\/\/susemichel.de\/index.php?rest_route=\/wp\/v2\/pages\/77","targetHints":{"allow":["GET"]}}],"collection":[{"href":"https:\/\/susemichel.de\/index.php?rest_route=\/wp\/v2\/pages"}],"about":[{"href":"https:\/\/susemichel.de\/index.php?rest_route=\/wp\/v2\/types\/page"}],"author":[{"embeddable":true,"href":"https:\/\/susemichel.de\/index.php?rest_route=\/wp\/v2\/users\/1"}],"replies":[{"embeddable":true,"href":"https:\/\/susemichel.de\/index.php?rest_route=%2Fwp%2Fv2%2Fcomments&post=77"}],"version-history":[{"count":43,"href":"https:\/\/susemichel.de\/index.php?rest_route=\/wp\/v2\/pages\/77\/revisions"}],"predecessor-version":[{"id":710,"href":"https:\/\/susemichel.de\/index.php?rest_route=\/wp\/v2\/pages\/77\/revisions\/710"}],"wp:attachment":[{"href":"https:\/\/susemichel.de\/index.php?rest_route=%2Fwp%2Fv2%2Fmedia&parent=77"}],"curies":[{"name":"wp","href":"https:\/\/api.w.org\/{rel}","templated":true}]}}