{"id":530,"date":"2024-09-05T08:04:41","date_gmt":"2024-09-05T08:04:41","guid":{"rendered":"https:\/\/susemichel.de\/?page_id=530"},"modified":"2024-09-05T08:04:41","modified_gmt":"2024-09-05T08:04:41","slug":"verteilungsgerechtigkeit-im-wald","status":"publish","type":"page","link":"https:\/\/susemichel.de\/?page_id=530","title":{"rendered":"Verteilungsgerechtigkeit im Wald"},"content":{"rendered":"<p style=\"font-weight: 400;\"><em>Die erstaunlichen Forschungsergebnisse der \u00d6kologin Suzanne Simard\u00a0wurden lange Zeit verlacht. Von Lea Susemichel<\/em><\/p>\n<p style=\"font-weight: 400;\">\nAls die Forstwissenschaftlerin Suzanne Simard bereits 1997 herausfand, dass B\u00e4ume \u00fcber unterirdische Netzwerke miteinander in engem Austausch stehen, wurde sie von der Scientific Community weitgehend verlacht. Als \u201evermenschlichend\u201c und \u201eesoterisch\u201c wurde ihre Forschung abgetan, wonach sich Pflanzen innerhalb eines \u00d6kosystems \u201eumeinander k\u00fcmmern\u201c w\u00fcrden. Heute hingegen gelten die Studien der Professorin f\u00fcr Wald\u00f6kologie,\u00a0der\u00a0Richard Powers\u00a0in seinem Romen\u00a0\u201eDie Wurzeln des Lebens\u201c ein ber\u00fchrendes literarisches Denkmal gesetzt hat, als bahnbrechende Pionierleistung.<\/p>\n<p style=\"font-weight: 400;\">In ihrem Buch \u201eFinding Mother Tree\u201c legt Simard dar, dass alle B\u00e4ume eines Waldes \u00fcber ein gigantisches Mykorrhiza-Netzwerk miteinander verbunden sind. Im Boden verlaufende Pilzstrukturen zwischen den Wurzeln gehen eine Symbiose mit diesen ein. \u00dcber dieses Wurzel-Pilz-Geflecht werden nicht nur Signale ausgetauscht, sondern auch N\u00e4hrstoffe, mit denen gr\u00f6\u00dfere B\u00e4ume kleinere versorgen. Diese k\u00fcmmern sich in besonderer Weise um ihre \u201eNachkommen\u201c, Mutterb\u00e4ume modifizieren sogar ihr Wurzelsystem, um Platz f\u00fcr die Wurzeln der heranwachsenden B\u00e4ume zu schaffen. Es gibt aber auch besondere \u201eFreundschaften\u201c zwischen anderen B\u00e4umen, die dann sehr eng miteinander verbunden sind und f\u00fcreinander sorgen.<br \/>\nAuch B\u00e4ume unterschiedlicher Arten kooperieren: So tauschen bestimmte Laub- und Nadelb\u00e4ume Kohlenstoffmolek\u00fcle miteinander aus, weil sie jeweils zu unterschiedlichen Jahreszeiten Energiedefizite haben.<br \/>\nB\u00e4ume interagieren also in unterschiedlicher Weise eng miteinander und senden auch Warnsignale aus, erl\u00e4utert Simard: \u201eB\u00e4ume kommunizieren miteinander\u201c und schicken etwa bei Sch\u00e4dlingsbefall Informationen \u00fcber ihr Netzwerk aus, damit andere B\u00e4ume ihre Abwehr mobilisieren k\u00f6nnen. Diese fahren dann tats\u00e4chlich sofort ihre entsprechende Enzymproduktion hoch, wie Simards Studien zeigen konnten.<br \/>\nIn allen W\u00e4ldern kommt den jeweils \u00e4ltesten und gr\u00f6\u00dften B\u00e4umen dabei eine Schl\u00fcsselrolle zu. Durch ihre m\u00e4chtigen Kronen und ihre gewaltige Photosynthese-Leistung vergleicht Simard die Aufgabe dieser \u201eHub Trees\u201c mit der Funktion, die gro\u00dfe Knotenbahnh\u00f6fe f\u00fcr die Infrastruktur eines Landes spielen.<br \/>\nSuzanne Simard zeigt eindr\u00fccklich, dass unsere bisherige Vorstellung vom Wald als einem \u00d6kosystem, in dem alle Pflanzen um Licht, Wasser und N\u00e4hrstoffe konkurrieren und immer nur die St\u00e4rksten \u00fcberleben, nur einen kleinen Teil der Wahrheit zeigt.<br \/>\nDer im Boden verborgene gr\u00f6\u00dfere Teil offenbart vielmehr das genaue Gegenteil: B\u00e4ume kooperieren. Denn der Wald ist durch eine enorme Diversit\u00e4t gekennzeichnet und selbst innerhalb einer Art gibt es unterschiedlich gro\u00dfe Exemplare, deren F\u00e4higkeit Photosynthese zu betreiben und N\u00e4hrstoffe aus dem Boden ziehen k\u00f6nnen, sehr ungleich ist. Diese \u201eRessourcen werden zwischen den B\u00e4umen verteilt, was die Artendiversit\u00e4t st\u00e4rkt und damit die Regenerationsf\u00e4higkeit des gesamten Waldes\u201c, schlussfolgert Simard.<br \/>\nIhre Erkenntnisse lehren uns also nicht nur viel \u00fcber \u00d6kologie und Klimaforschung, sondern auch \u00fcber die gro\u00dfe Bedeutung, die Verteilungsgerechtigkeit f\u00fcr Gemeinschaften jeder Spezies hat.<\/p>\n<p style=\"font-weight: 400;\">\n<p style=\"font-weight: 400;\">\n<p style=\"font-weight: 400;\">\n","protected":false},"excerpt":{"rendered":"<p>Die erstaunlichen Forschungsergebnisse der \u00d6kologin Suzanne Simard\u00a0wurden lange Zeit verlacht. Von Lea Susemichel Als die Forstwissenschaftlerin Suzanne Simard bereits 1997 herausfand, dass B\u00e4ume \u00fcber unterirdische Netzwerke miteinander in engem Austausch stehen, wurde sie von der Scientific Community weitgehend verlacht. Als \u201evermenschlichend\u201c und \u201eesoterisch\u201c wurde ihre Forschung abgetan, wonach sich Pflanzen innerhalb eines \u00d6kosystems \u201eumeinander k\u00fcmmern\u201c &hellip; <\/p>\n<p class=\"link-more\"><a href=\"https:\/\/susemichel.de\/?page_id=530\" class=\"more-link\"><span class=\"screen-reader-text\">\u201eVerteilungsgerechtigkeit im Wald\u201c <\/span>weiterlesen<\/a><\/p>\n","protected":false},"author":1,"featured_media":0,"parent":0,"menu_order":0,"comment_status":"closed","ping_status":"closed","template":"","meta":{"footnotes":""},"class_list":["post-530","page","type-page","status-publish","hentry"],"_links":{"self":[{"href":"https:\/\/susemichel.de\/index.php?rest_route=\/wp\/v2\/pages\/530","targetHints":{"allow":["GET"]}}],"collection":[{"href":"https:\/\/susemichel.de\/index.php?rest_route=\/wp\/v2\/pages"}],"about":[{"href":"https:\/\/susemichel.de\/index.php?rest_route=\/wp\/v2\/types\/page"}],"author":[{"embeddable":true,"href":"https:\/\/susemichel.de\/index.php?rest_route=\/wp\/v2\/users\/1"}],"replies":[{"embeddable":true,"href":"https:\/\/susemichel.de\/index.php?rest_route=%2Fwp%2Fv2%2Fcomments&post=530"}],"version-history":[{"count":1,"href":"https:\/\/susemichel.de\/index.php?rest_route=\/wp\/v2\/pages\/530\/revisions"}],"predecessor-version":[{"id":531,"href":"https:\/\/susemichel.de\/index.php?rest_route=\/wp\/v2\/pages\/530\/revisions\/531"}],"wp:attachment":[{"href":"https:\/\/susemichel.de\/index.php?rest_route=%2Fwp%2Fv2%2Fmedia&parent=530"}],"curies":[{"name":"wp","href":"https:\/\/api.w.org\/{rel}","templated":true}]}}