{"id":200,"date":"2022-01-30T11:23:37","date_gmt":"2022-01-30T11:23:37","guid":{"rendered":"https:\/\/susemichel.de\/?page_id=200"},"modified":"2022-02-01T20:29:00","modified_gmt":"2022-02-01T20:29:00","slug":"der-blaumann-der-hausfrau","status":"publish","type":"page","link":"https:\/\/susemichel.de\/?page_id=200","title":{"rendered":"Der Blaumann der Hausfrau"},"content":{"rendered":"<p>Sehr selten sieht man ihn noch in angestaubten L\u00e4den neben altmodischen Nachthemden h\u00e4ngen, auf der Stra\u00dfe aber ist er weitgehend verschwunden: der Hauskittel. In meiner Kindheit war er noch allgegenw\u00e4rtig. Mit St\u00fctzstrumpf und Stolz trug meine Oma K\u00e4the ihn t\u00e4glich, diesen Blaumann der Hausfrau. Auch all ihre Nachbarinnen und Bekannten steckten wochentags in der Kittelsch\u00fcrze, die Distinktionsm\u00f6glichkeiten beschr\u00e4nkten sich dabei auf Fadendichte und Zierstickerei.<\/p>\n<p>Wie heute bei Schuluniformen oder in der Sauna, erkannte das geschulte Auge zwar schnell den Preis von Halskette und Haarschnitt, einander gleicher waren die Frauen in dieser gemeinsamen Arbeitskluft der unbezahlt Werkt\u00e4tigen dennoch. Gleicher vor allem auch dank der kollektiven Erl\u00f6sung vom Anspruch, im Hausarbeitskleid auch noch eine gute Figur machen zu m\u00fcssen. In den meisten Milieus war sp\u00e4testens mit Mitte drei\u00dfig Schluss mit dem Sch\u00f6nheitsstress: \u201eIrjendwann is och jenuch&#8220;, wie meine Oma gepoltert h\u00e4tte. Gut aussehen musste dann nur noch das Wohnzimmer, die Arbeit am Selbst hingegen bestand im Wesentlichen im samst\u00e4glichen Friseurbesuch zum Ondulieren. F\u00fcr den Rest der Woche wurden die mausbraunen, sp\u00e4ter lila-grauen Locken unter einem geknoteten Kopftuch geschont, auch das ein klassen\u00fcbergreifender Einheitslook. Selbst \u201edie Flotten\u201c, wie sie bei meiner Oma hie\u00dfen, legten den Bindeg\u00fcrtel bald ab, schlie\u00dflich verdeckte die durchgekn\u00f6pfte Einheitstracht die Kilos ebenso gn\u00e4dig wie den Klassend\u00fcnkel. Die herrlich nierenw\u00e4rmenden Liebest\u00f6ter darunter sowieso.<\/p>\n<p>Meine Uroma trug zum Kittel zwar bis zuletzt Lidstrich, aber keineswegs, um M\u00e4nner zu beeindrucken. \u201eMit dat schorrje Onnosel teil ich doch nich miene Rente\u201c, beschied sie stattdessen jedem ihrer zahlreichen Verehrer. \u201eSo was will man doch nich zuhause haben\u201c, pflichtet ihre Tochter ihr bei.<br \/>\nIn den sehr seltenen F\u00e4llen, in denen ich heute noch eine Kittelsch\u00fcrze sehe, vermisse ich die beiden sehr. Und mit ihnen fehlt mir schmerzlich die Aussicht, dass auch f\u00fcr unsere Generation irgendwann der Vorhang \u00fcber der Selbstoptimierung f\u00e4llt. Gerne aus kleinkartiertem oder gro\u00dfgebl\u00fcmtem Stoff, der unseren K\u00f6rpern bei jeder Ber\u00fchrung weichgewaschen zuraunt: \u201eNu is jenuch.\u201c<\/p>\n<p><em>Lea Susemichel pl\u00e4diert f\u00fcr ein feministisch subversives Revival der Kittelsch\u00fcrze, mit extragro\u00dfen Taschen.<\/em><\/p>\n","protected":false},"excerpt":{"rendered":"<p>Sehr selten sieht man ihn noch in angestaubten L\u00e4den neben altmodischen Nachthemden h\u00e4ngen, auf der Stra\u00dfe aber ist er weitgehend verschwunden: der Hauskittel. In meiner Kindheit war er noch allgegenw\u00e4rtig. Mit St\u00fctzstrumpf und Stolz trug meine Oma K\u00e4the ihn t\u00e4glich, diesen Blaumann der Hausfrau. Auch all ihre Nachbarinnen und Bekannten steckten wochentags in der Kittelsch\u00fcrze, &hellip; <\/p>\n<p class=\"link-more\"><a href=\"https:\/\/susemichel.de\/?page_id=200\" class=\"more-link\"><span class=\"screen-reader-text\">\u201eDer Blaumann der Hausfrau\u201c <\/span>weiterlesen<\/a><\/p>\n","protected":false},"author":1,"featured_media":0,"parent":0,"menu_order":0,"comment_status":"closed","ping_status":"closed","template":"","meta":{"footnotes":""},"class_list":["post-200","page","type-page","status-publish","hentry"],"_links":{"self":[{"href":"https:\/\/susemichel.de\/index.php?rest_route=\/wp\/v2\/pages\/200","targetHints":{"allow":["GET"]}}],"collection":[{"href":"https:\/\/susemichel.de\/index.php?rest_route=\/wp\/v2\/pages"}],"about":[{"href":"https:\/\/susemichel.de\/index.php?rest_route=\/wp\/v2\/types\/page"}],"author":[{"embeddable":true,"href":"https:\/\/susemichel.de\/index.php?rest_route=\/wp\/v2\/users\/1"}],"replies":[{"embeddable":true,"href":"https:\/\/susemichel.de\/index.php?rest_route=%2Fwp%2Fv2%2Fcomments&post=200"}],"version-history":[{"count":2,"href":"https:\/\/susemichel.de\/index.php?rest_route=\/wp\/v2\/pages\/200\/revisions"}],"predecessor-version":[{"id":227,"href":"https:\/\/susemichel.de\/index.php?rest_route=\/wp\/v2\/pages\/200\/revisions\/227"}],"wp:attachment":[{"href":"https:\/\/susemichel.de\/index.php?rest_route=%2Fwp%2Fv2%2Fmedia&parent=200"}],"curies":[{"name":"wp","href":"https:\/\/api.w.org\/{rel}","templated":true}]}}